. Give t(u).
-1
Let x(v) = 3*v + 1. Let k(a) = -a - 5. Let f(b) = -b - 4. Let c(y) = 5*f(y) - 4*k(y). Let u(j) = -5*c(j) - x(j). Determine u(1).
1
Let g(t) = 4*t - 3. Let d(f) = 4*f**3 - f**2 - 1. Let q(r) = -7*r**3 + r**2 + 2. Let h(c) = -5*d(c) - 3*q(c). Let k be h(1). Determine g(k).
5
Let k(d) = -d**2 - d. Let l(z) be the third derivative of -2/3*z**3 + 0*z + 0 + 3*z**2 + 1/4*z**4 - 1/60*z**5. Let v be l(5). Give k(v).
-2
Suppose -h - 4*m - 48 = 0, 5*m = 2*h + 2*h + 87. Let z = -31 - -3. Let q = z - h. Let v(x) = x**3 + x**2 + x - 5. Determine v(q).
-5
Let r(b) = -b - 6. Suppose -v - 3*v = u - 47, -3*v - 5*u + 31 = 0. Calculate r(v).
-18
Let k(m) = 7*m + 22. Suppose 22 = -5*d + 4*r, 45*r - 32 = 4*d + 49*r. What is k(d)?
-20
Let d(l) = l**3 + 10*l**2 - 8. Suppose 5*b + 15 + 15 = 0. Let g(h) = -h**3 - 7*h**2 - 3*h + 8. Let r be g(b). Determine d(r).
-8
Suppose 4*x + 43 = -t, 2*x - 31 = 5*x + 2*t. Let z(u) = u**3 + 10*u**2 - 15*u - 11. Give z(x).
33
Let i(t) = -t + 8. Suppose 22 = -j + 29. Determine i(j).
1
Suppose -4*f + 4 = 0, -2*c + 0*f + f = -3. Let b be (10/(-5))/(c/3). Let l(h) = -64*h - 66*h + 134*h + 1 - 3. Calculate l(b).
-14
Let s(h) = 4*h - 4. Let b(d) = -5*d + 5. Let u(r) = 3*b(r) + 4*s(r). What is u(3)?
2
Suppose -4*f - 3*q = 13, 2*q - 8 = 2. Let n(b) = -18 - 15 + b**2 + 35 + 2*b + 6*b. What is n(f)?
-5
Let g(p) be the first derivative of p**2/2 + 6*p - 341. What is g(10)?
16
Suppose 0 = -34*d - 3*d - 333. Let y(v) = -v**2 - 9*v - 7. What is y(d)?
-7
Let w(h) be the third derivative of -h**6/120 + 2*h**5/15 - 3*h**4/8 - h**3 - 282*h**2. Calculate w(7).
-20
Let k(c) = c**2 - 2*c + 2. Let s(g) = g**3 - 2*g**2 + g. Let r be s(2). Suppose 0 = w + 4*x + 6, 2*w - 9 + 3 = -r*x. Let b be -3*(16/w)/(-2). Give k(b).
10
Let t(v) = 7*v**2 - 6*v + 1. Let f(m) = -8*m**2 + 7*m - 1. Let j(x) = -4*f(x) - 5*t(x). Suppose -15 + 18 = 3*z. Give j(z).
-2
Suppose 13*a = -110 + 214. Let b(y) = y - 7. Determine b(a).
1
Let z(s) = 4*s**2 - s + 3. Let d(b) = 9*b**2 - 3*b + 6. Let p(a) = -3*d(a) + 7*z(a). Determine p(-3).
6
Let n(v) = v + 3. Suppose 0 = 2*m - 0*m - 8. Suppose 0 = -m*i + 3*i. Calculate n(i).
3
Let i(r) = r**2 + 3*r - 3. Suppose -c + 2*u = -2*c + 1, 3*c - 2*u = -21. Determine i(c).
7
Let r(g) = 6*g**2 + g - 2. Let w(d) = 6*d**2 - 1. Let x be -2*(3 + -1)/1. Let f(m) = x*r(m) + 5*w(m). Determine f(2).
19
Suppose 30 = -2*s + 5*s. Suppose 2*t = 7*t + s. Let i = 4 - t. Let l(f) = f**2 - 6*f - 6. Calculate l(i).
-6
Let f(k) = 21 + k - 13 - 4. Suppose 3*g - 2*g + 5 = p, 3*g + 3*p + 9 = 0. What is f(g)?
0
Let s(c) = -c**2 - 5*c + 7. Let w be s(-6). Suppose 2 = y - w. Let h(m) = -4*m**2 + y*m**2 - m**3 - 3 + 4*m**2 + 3*m + 3*m. Calculate h(4).
5
Let m(v) = -v**3 + 7*v**2 + 9*v - 11. Let x be (72/(-16))/((-2)/4). Let f be (-3)/x - -1*25/3. What is m(f)?
-3
Let p(c) = 2*c + 10. Let h be p(0). Let y(u) = u + 6. Let v be y(6). Let t(d) = -20*d + v*d + h*d. Give t(-5).
-10
Let h(b) = b**2 + 1 + b**2 - 3*b**2 + b. Let n(l) = 2*l + 2. Let d be n(0). Give h(d).
-1
Let v(g) be the first derivative of 13*g**4/2 + 2*g**3/3 - g + 21. What is v(-1)?
-25
Let q(t) = -t + 8. Let i be q(12). Let r(d) = 5*d**3 - 7*d**2 + 5*d + 2. Let v(p) = -6*p**3 + 7*p**2 - 6*p - 3. Let x(f) = i*v(f) - 5*r(f). Give x(7).
-5
Let g(k) = -k**2 - 13*k + 18. Let s(f) = -155*f + 606. Let z be s(4). What is g(z)?
4
Suppose -6 = -5*a + 9. Let i(g) = -g + 8*g**2 - 6*g**a + 5 - 11*g**3 + 16*g**3. Determine i(8).
-3
Let f(c) = 8*c + 5. Let r(g) = 9*g + 5. Let k(j) = 7*f(j) - 6*r(j). Calculate k(-8).
-11
Let i = 0 + 19. Let z = -21 + i. Let o(m) = m**3 + m - 6. Let u(t) = 6*t**3 + 5*t - 30. Let c(s) = z*u(s) + 11*o(s). Determine c(0).
-6
Let o(n) = -4*n**2 + 3*n - 1. Let j(m) = m**3 - 69*m**2 + 134*m - 3. Let b be j(67). Give o(b).
-46
Let n(k) be the second derivative of k**4/4 - k**3/6 + k**2 + 7*k + 8. What is n(1)?
4
Let o = 4 - 12. Let s(v) = v**2 - 10*v + 9. Let a(p) = 3*p**2 - 29*p + 26. Let c(x) = o*s(x) + 3*a(x). Let u be ((-3)/(-2))/((-2)/(-8)). Determine c(u).
0
Suppose 0*k - 3*n = k - 13, -5*k = n - 23. Suppose -5*g = -3*y + 30, -4*g = k*y - 7 - 1. Suppose -y = -u - 1, -i + u = -2. Let h(s) = -s + 4. Calculate h(i).
-2
Let m(k) = 3*k - 4. Let w(v) = -v + 1. Let r(h) = -m(h) + 2*w(h). Give r(-6).
36
Let p(y) = 4*y + 2. Suppose -30*v = -34*v + 20, -33 = -g - 5*v. Calculate p(g).
34
Let m(d) = d**3 - d**2 + 1. Let p be m(1). Let j(g) be the second derivative of g**4/12 - g**3/3 + g**2/2 - g - 24. Determine j(p).
0
Let n(x) = -x**2 + 29*x - 84. Let l be n(26). Let g(i) = -7*i**2 + 5*i - 2. Let t(s) = s**2 + 1. Let r(a) = l*t(a) - g(a). Determine r(6).
2
Let p(j) be the third derivative of j**6/40 - j**4/24 - j**3/3 + 6*j**2 + 3*j. Calculate p(-2).
-24
Let g(o) = 2*o**2 - 6*o + 5. Let h = 42 - 40. Suppose 5*q + i - 17 = 0, -4*q - h*i - 1 = -11. Give g(q).
13
Let q be 13/(39/(-9))*(-4)/3. Let b(k) = 2*k - 11. Give b(q).
-3
Let b(q) be the second derivative of -q**2/2 - 8*q. Let r(a) = a - 4. Let m(p) = -4*b(p) + r(p). Calculate m(-5).
-5
Let m be 1 + -5 - (-7)/1. Let b(x) = -2*x - 2*x - 103 + 104 + m*x. What is b(-5)?
6
Let f be 4/(-18) - 152/(-36). Let c be (-2)/7 + 18/14. Let u(t) = -t + 3*t + t**2 - c + 0 - 3*t. Determine u(f).
11
Suppose -10*l + 7*l + 12 = 0. Let j(t) = 7 + 2*t**2 + 7*t - t - l*t + 6*t. Calculate j(-5).
17
Let u be (-3)/(-9) - (4 - 28/6). Let k(m) = 4*m**2 - m + 1. What is k(u)?
4
Let v(f) be the second derivative of f**6/180 - f**5/40 + f**4/12 - 29*f**3/3 + 15*f + 2. Let x(d) be the second derivative of v(d). Give x(2).
4
Suppose 0*j - 2*j - 6 = -l, 5*j = 4*l - 18. Let q = j + 5. Suppose 2*t = q*r + 18, -2*r - 6 = -r - t. Let a(p) = p. Give a(r).
-6
Suppose 27 = 2*q + 13. Let y(k) = k + q - 18 + k**2 + 9. What is y(-2)?
0
Let u(s) = -s**3 - 5*s**2 - 3*s + 1. Let n be u(-4). Let r(d) = 4*d + 4. Let a be r(n). Let w be ((-6)/a)/(6/24). Let l(g) = g**2 - g + 1. What is l(w)?
7
Let i = -29 - -33. Let o(m) = -m**2 - m. Let a(l) = -5*l**2 - 11*l - 1. Let u(p) = -a(p) + 6*o(p). What is u(i)?
5
Let c(o) be the first derivative of 16*o**3/3 - o - 186. Calculate c(-1).
15
Let i(z) = -z + 2. Let y(a) = -a - 11. Suppose 0 = -4*l - 5*j - 15, 5*l - l - 5*j = -25. Let p be y(l). Let v be 2/p*9/(-3). Determine i(v).
1
Let c(a) = a**2 + a - 4. Let j = -5 - -10. Suppose -3*g = d - 31, -j*g + 24 + 13 = -2*d. Let w be ((-6)/g)/((-2)/(-9)). Calculate c(w).
2
Suppose 1 = -h - 5. Let l(w) be the second derivative of w**5/20 + w**4/2 + w**3/3 - w**2 + 664*w. Calculate l(h).
-14
Let h(o) = -1 + 238*o**2 - o**3 - 237*o**2 - 7*o**3. Determine h(-1).
8
Let x(f) be the third derivative of f**5/60 + 7*f**4/24 + 7*f**3/6 + 7*f**2. Let i be x(-5). Let j(h) = -2*h**2 - 4*h. Calculate j(i).
-6
Let r = 219 + -222. Let a(i) = -i**3 - 3*i**2 + 4*i - 1. Give a(r).
-13
Let r(x) = -x + 1. Let k be r(-1). Let o(q) = 7*q - 5*q - 7*q - q**3 - 5*q**k - 5 - 1. Calculate o(-4).
-2
Let h(p) be the second derivative of -p**4/6 - p**3/3 + 5*p**2/2 - 23*p. Let s(o) be the first derivative of h(o). Determine s(-2).
6
Let b(u) be the second derivative of -u**4/4 + 2*u**3/3 - u**2 + u. Let d = 2 - -10. Let z = -10 + d. Determine b(z).
-6
Let z(h) = -h**2 - 14*h + 11. Let u(t) = -t**2 - 11*t + 11. Let p(j) = -4*u(j) + 3*z(j). Give p(-5).
4
Let b(k) = 3*k**2 + 5*k + 3. Let c = 50 + -54. Let d(p) = -3*p**2 - 5*p - 3. Let s(q) = c*d(q) - 3*b(q). Let v be (-1)/4 + 11/(-4). Calculate s(v).
15
Let m(z) = z**2 + 8*z - 1. Let f be (-2 + (-6)/(-2))*(-7 - 0). Let j(i) = -i**2 - 8*i. Let l(w) = f*j(w) - 6*m(w). Give l(-6).
-6
Suppose 0 = -4*y + 2*y - 4. Let k(t) be the second derivative of -t**5/20 - t**4/12 - t**3/3 - t**2 - 237*t - 1. Calculate k(y).
6
Let k(i) = -i**2 + 10*i - 10. Let q be 273/(-78)*(0 - (3 + -1)). What is k(q)?
11
Let f = 111 + -107. Let u(p) be the first derivative of -p**7/840 + p**6/60 - p**5/20 + 2*p**3/3 + 1. Let i(h) be the third derivative of u(h). Give i(f).
8
Let z(q) = -q**3 + 6*q**2 - q + 10. Suppose 17*i - 25 - 77 = 0. Determine z(i).
4
Let g(u) = 6*u**2 + 19*u - 31. Let k(z) = z**2 + 4*z - 6. Let i(n) = 2*g(n) - 11*k(n). What is i(6)?
4
Let t(a) = -3*a**2 + 5 - 51*a + a**3 + 46*a + 0*a**3. Let d(s) = -2*s**3 + 5*s**2 + 11*s - 9. Let k(c) = 4*d(c) + 9*t(c). Determine k(7).
2
Let d(i) be the th